 + 9. Suppose 0 = 2*y - 4 - f. Is y prime?
False
Suppose -198 = -w - 5*w. Is w composite?
True
Suppose -4*v + q + 1240 = 0, -3*q + 62 = v - 261. Is v a composite number?
False
Suppose -5*n + 0 + 10 = 0. Let m be n/(-7) - 4/(-14). Suppose -g + 2*g - 34 = m. Is g composite?
True
Suppose -5*s - 125 = 2*q + 301, 219 = -q - s. Let n = q + 344. Is n a composite number?
True
Is 1/(2690/(-2692) + (7 - 6)) a prime number?
False
Suppose 14090 = 11*c - c. Is c a prime number?
True
Let u(w) = 4*w - 12. Let m be u(5). Let f(z) = z**2 - 5*z + 11. Is f(m) a prime number?
False
Let l(t) = t**3 - 3*t**2 + 12*t - 7. Let q be l(8). Is q + 9/(-3) + 1 a composite number?
True
Suppose -3*x = -1535 - 3598. Is x prime?
False
Let z = 4 + 16. Let l = z + -14. Let h(j) = 6*j**2 - 5*j + 5. Is h(l) prime?
True
Suppose -33 = 3*j - 504. Is j a prime number?
True
Let m(c) = c**3 - 4*c**2 + 3*c - 4. Suppose -2*v - 3*v = -20. Let q be m(v). Suppose -q = 5*y - 433. Is y prime?
False
Let d(g) = 14*g**2 - 11*g + 5. Is d(4) prime?
False
Let h = 5 + 3. Let x = -50 - -37. Let u = h - x. Is u composite?
True
Let c = -63 + 34. Let y = c - -84. Is y composite?
True
Let r = 136 + -201. Let k = 92 - r. Is k prime?
True
Is (-117960)/(-27) + (-5)/90*-2 a prime number?
False
Let f be (-58)/(-18) - (-16)/(-72). Suppose 2*r - r = -f*p + 488, 4*r = 4*p - 624. Is p prime?
False
Suppose -i = -4*n + 1182, -3*n + 3*i + i = -893. Is n a prime number?
False
Suppose -k + 41 = -77. Is k a composite number?
True
Let f(o) be the third derivative of 0*o - o**2 + 1/2*o**4 + 0 + 1/6*o**3. Is f(3) prime?
True
Let f(l) = -66*l**2 + 9*l + 7. Let n(y) = 33*y**2 - 4*y - 3. Let i(b) = 2*f(b) + 5*n(b). Suppose -4 + 0 = -2*c. Is i(c) a composite number?
False
Suppose -2*t + 2*a + 26 = -3*a, 2*t + 2*a = 12. Let z(h) = 2*h**2 + 4*h + 3. Is z(t) composite?
False
Let a = -7 + 11. Suppose -3*i - 35 = -a*i. Is i a composite number?
True
Let w(u) = u**2 + 3*u + 2. Let i be w(-2). Suppose i*t = t - 93. Is t a prime number?
False
Is (-17695)/(-13) - 4/26 a composite number?
False
Let n = 23 - 5. Let j(a) = 2*a**3 - 3*a**2 + 2*a - 4. Let p be j(3). Let s = p - n. Is s a composite number?
False
Let w = 670 - 177. Is w a composite number?
True
Suppose 2*r + 2*b - 376 = 0, -6*r + 4*r - 4*b + 370 = 0. Is r prime?
True
Suppose p + 176 = 7*c - 3*c, 152 = 4*c + 5*p. Is c composite?
False
Suppose 5*h = q + 44618, 4*h - 3*q = -2*q + 35695. Is h composite?
False
Let c(g) = -g**3 - g**2. Let b be c(1). Let a = 4 + b. Suppose 52 = a*t + 2*t. Is t a composite number?
False
Suppose -3*r = -1 - 17. Let k = 0 + -7. Let f = r - k. Is f prime?
True
Let y(g) = g**3 - 2*g**2 + 2*g. Let i be y(2). Suppose -3*d = -i*w + w + 252, -427 = -5*w - 2*d. Is w a prime number?
False
Is ((-147303)/(-18))/13*(-1 - -3) prime?
True
Suppose 0*t = -5*t - 35. Let b = t + 42. Is b prime?
False
Suppose -1898 = -g - 315. Suppose -3*i = -u + 5*u - 969, 5*i - 4*u = g. Is i a prime number?
False
Suppose 4*q = 2*q + 4. Suppose -q = -5*v + m, v + 0*m + 14 = 5*m. Is -7*(-5 + 2)*v prime?
False
Let n(r) be the third derivative of r**6/120 + r**5/15 - 2*r**2. Let u be n(-4). Suppose u = -5*o, 2*a - 5*o - 148 = -2*a. Is a a composite number?
False
Let u(p) = p**2 + 2*p + 6. Let y be u(7). Suppose y = 2*m - 55. Is m a composite number?
True
Let k(t) = t**2 + 6*t + 5. Let o be k(-5). Suppose -5*w - 420 = -3*m, -4*m + o*w + 574 = -2*w. Is m a prime number?
False
Let g(u) = 7*u**3 - 10*u**2 - 2*u - 11. Let s(a) = a**3 - a**2 - a - 1. Let f(n) = g(n) - 6*s(n). Is f(4) composite?
False
Let l(n) = -5*n + 1. Is l(-6) prime?
True
Let s = -198 - -358. Suppose -3*a = 3*t - 801, -t - 520 = -2*a + 4*t. Suppose -5*h - j + a = j, 0 = -3*h - j + s. Is h a composite number?
True
Suppose -753 = -2*w - w. Is w composite?
False
Let r(m) = m**3 + 6*m**2 + 5*m + 2. Let b(d) = -4*d**3 + 2*d**2 - 2*d + 1. Let j be b(1). Let g be r(j). Let q = g + 69. Is q composite?
False
Let q = 998 + -325. Is q a prime number?
True
Is ((-8382)/12 - 6)*2/(-1) a prime number?
True
Suppose 4*m + 3*h - 5444 = 0, 3*h = 5*m - 0*h - 6805. Is m composite?
False
Let b be 5 + -2 + 6*24. Suppose 0 = -r + b + 102. Is r a composite number?
True
Suppose m - 20 = -3*m, 0 = 3*w + 5*m - 43. Let d = -14 - w. Is (-625)/d - (-2)/(-8) a prime number?
True
Let i = -382 + 591. Is i prime?
False
Let j(v) = v + 8. Let a be j(-6). Let w(o) = 3*o**2 + 2*o - 1. Let n be w(-2). Suppose 3*s - z = n, -3*s + 3*z - a = -5. Is s composite?
False
Suppose -60 = 3*r + 3*x - 6*x, 3*x = 12. Let k = 26 + r. Let q = 20 - k. Is q a composite number?
True
Suppose 2*c - 4*p = -7 + 1, 4*c - 6 = 2*p. Suppose -s + c*k + 32 = -2, -3*k + 136 = 4*s. Is s composite?
True
Suppose 0*v + v + 1679 = 4*s, 4*v + 12 = 0. Is s composite?
False
Let b(p) = p**3 + p**2 + p + 163. Suppose 3*d + 4*z + 12 = 0, 3*d + 5*z = -d - 15. Is b(d) a prime number?
True
Let g = 37 + 22. Let z = 160 - g. Let l = z + -12. Is l a composite number?
False
Let l be (10/(-15))/((-3)/(-9)). Is l/3 + (-4688)/(-48) prime?
True
Let v = -189 + 908. Is v a composite number?
False
Suppose 1 + 3 = -4*s. Let l be 0 - (-162 - (1 - s)). Suppose -5*t + l = 54. Is t a composite number?
True
Let u(d) = d**2 + 2*d + 3. Let m be u(-2). Suppose -m*z - 2*z - 2370 = 0. Let r = z - -677. Is r prime?
False
Let v(p) = p + 1263. Is v(0) prime?
False
Let o = 1481 - 831. Let x = 180 - -331. Suppose 4*v = -v + 5*n + o, 4*v - x = n. Is v prime?
True
Let u be 99/18 + (-2)/4. Suppose 299 = 2*f - u*w, -2*f + 6*f - w = 625. Is f prime?
True
Suppose h = 5 - 0. Suppose h*r = 102 + 143. Is r composite?
True
Is (-10)/30 - 2*1087/(-6) composite?
True
Suppose -3*t - 11867 = -5*u, 0 = -5*u - 3*t + 14447 - 2604. Is u a composite number?
False
Suppose 5*r = 3*i - 3 + 4, 4*r - 5*i = -7. Let p be (-1 + r)/((-1)/(-47)). Suppose -x - 4 = -p. Is x prime?
True
Suppose 5*v = 5*d + 135, -5*v - d + 136 + 11 = 0. Suppose -4*g + 7 + v = 0. Let s(r) = r**3 - 7*r**2 - 13*r + 8. Is s(g) a prime number?
True
Suppose 3*t = -v + 5, -2*v + 8 = -3*t - 2. Let a be (3 + t + -2)*-1. Is a/3*-3*55 a composite number?
True
Suppose g + 3*g - 335 = -3*w, 3*w = -2*g + 169. Is g composite?
False
Suppose 0 = h + 2*h - 15. Suppose -h*r + 106 = -409. Is r composite?
False
Let r = 4 - 2. Suppose -h + 3*j = 6*j - 46, -4*h + 211 = 3*j. Suppose f + 61 = c + 5*f, 0 = c + r*f - h. Is c composite?
True
Suppose 4*w = 2095 + 885. Is w composite?
True
Let x = -30 - 13. Let q = 112 + x. Is q a composite number?
True
Let x = -364 - -543. Is x a composite number?
False
Let b be (32/(-20))/(4/(-10)). Let f(w) = -6*w**3 + 2*w**2 + w + 1. Let l be f(b). Let a = l + 496. Is a a prime number?
True
Let o = -8 + 13. Suppose -154 = 3*j - o*j. Is j a prime number?
False
Let m(q) = -186*q**3 + 2*q**2 + 2*q + 1. Suppose -2*s = -7*s - 5. Is m(s) prime?
False
Let f be 1/(3 - 4) - -1. Suppose f = -7*h + 12*h - 1335. Is h composite?
True
Suppose -3*o = 5*n - 4*o - 8198, -2*n - 5*o = -3263. Is n a prime number?
False
Let r be 3/6*(-1286)/(-1). Suppose 3*k + 3 = 0, 4*h + 0*k - r = -k. Is h prime?
False
Suppose 4*k - 3*l = -64961 + 192292, 5*k - 159165 = 4*l. Is k prime?
False
Let j = 6 + -7. Let q(k) = -20*k**2 - 2*k - 1. Let u be q(j). Is -2 + (2*-1 - u) a prime number?
False
Let g(h) = -130*h + 3. Is g(-2) a prime number?
True
Let k(a) = -a + 1. Let p be k(-1). Suppose p*j - 3 = 7. Suppose -j*q + 0*q + 335 = 0. Is q a composite number?
False
Let g(y) be the second derivative of -57*y**5/20 + y**4/12 - y**3/6 - y**2/2 - 6*y. Suppose 4 = d + 5. Is g(d) a composite number?
True
Let c = 6 + 26. Let f = c + 19. Is f a prime number?
False
Let a be ((-1)/(-1))/((-2)/22). Let l(m) = -2*m**2 - 5*m - 5. Let g be l(-5). Let b = a - g. Is b a prime number?
True
Is 3/(0 + -3) - -238 a composite number?
True
Let w(y) = 6*y**2 + 15*y - 5. Let o(b) = 4*b**2 + 10*b - 3. Let r(x) = 8*o(x) - 5*w(x). Let c = -3 - 5. Is r(c) prime?
True
Let o be (-7766)/11*(-2)/4. Suppose -i = 5*d - 550, -3*d + i + o = -3*i. Is d a composite number?
True
Let l = -15 + 334. Is l prime?
False
Let b be 6/(-9)*(-1812)/(-8). Let o = 468 + b. Is o a prime number?
True
Let k be ((-178)/(-12) + 12/18)*4. Let r be (2/(-3))/(1/(-3)). Suppose -r*i - k = -4*i. Is i composite?
False
Suppose 2*r + 0*r + 6 = 0. Let w = r - -58. Is w prime